{"id":10689,"date":"2024-12-12T20:00:09","date_gmt":"2024-12-12T19:00:09","guid":{"rendered":"https:\/\/canut-conseil.fr\/?page_id=10689"},"modified":"2024-12-13T10:51:48","modified_gmt":"2024-12-13T09:51:48","slug":"prix-immobilier-lyon-croix-rousse","status":"publish","type":"page","link":"https:\/\/canut-conseil.fr\/index.php\/prix-immobilier-lyon-croix-rousse\/","title":{"rendered":"Prix immobilier Lyon\/ Croix-Rousse"},"content":{"rendered":"\n<p class=\"has-text-align-left has-text-color has-link-color has-medium-font-size wp-elements-d1f4eb26fd04d79bca4b46dc4446c995\" style=\"color:#fb4c0d\"><strong>COMMENT ESTIMER LE PRIX ?<\/strong><\/p>\n\n\n\n<p class=\"has-text-align-left has-black-color has-text-color has-link-color wp-elements-050e3e3f0742fd64ab2a67db60c770dd\"><strong>\u00c0 l\u2019instar du \u00ab Compte-Fils \u00bb le prix de vente d\u2019un bien immobilier n\u2019est pas seulement la multiplication d\u2019un prix au m\u00b2 par sa surface habitable.<\/strong><br>Il convient de rechercher la valeur exacte en fonction de nombreux crit\u00e8res tels le quartier, \u00e9tat g\u00e9n\u00e9ral de la copropri\u00e9t\u00e9, pr\u00e9sence d\u2019un ascenseur, configuration des lieux, structure mezzanine, les \u00e9l\u00e9ments d\u2019\u00e9quipements, le dossier des diagnostics etc\u2026<\/p>\n\n\n\n<p class=\"has-text-align-left has-black-color has-text-color has-link-color wp-elements-483d1069a5473cadee08f8a7059a5b3a\">Enfin, le march\u00e9 immobilier est en \u00e9volution permanente, il faut donc savoir d\u00e9terminer le prix auquel le bien pourrait se vendre \u00e0 un moment donn\u00e9 et l\u2019actualiser si n\u00e9cessaire,&nbsp;<strong>pour cela il est essentiel pour l\u2019agent immobilier de bien conna\u00eetre son p\u00e9rim\u00e8tre d\u2019activit\u00e9.<\/strong><\/p>\n\n\n\n<p class=\"has-white-color has-text-color has-link-color wp-elements-7e4ac651328708ea719ac0894fa30934\">.<\/p>\n\n\n\n<div class=\"wp-block-buttons is-layout-flex wp-block-buttons-is-layout-flex\">\n<div class=\"wp-block-button has-custom-width wp-block-button__width-100 has-custom-font-size is-style-fill has-small-font-size\"><a class=\"wp-block-button__link has-white-color has-text-color has-background has-link-color wp-element-button\" href=\"https:\/\/canut-conseil.fr\/#contact\" style=\"background-color:#fb4c0d\">&gt; OUI, JE SOUHAITE UNE ESTIMATION<\/a><\/div>\n<\/div>\n\n\n\n<p class=\"has-white-color has-text-color has-link-color wp-elements-7e4ac651328708ea719ac0894fa30934\">.<\/p>\n\n\n\n<figure class=\"wp-block-image size-full\"><a href=\"https:\/\/canut-conseil.fr\/#contact\"><img loading=\"lazy\" decoding=\"async\" width=\"710\" height=\"460\" src=\"https:\/\/canut-conseil.fr\/wp-content\/uploads\/2024\/12\/carte-lyon-redim-web.png\" alt=\"\" class=\"wp-image-10690\" srcset=\"https:\/\/canut-conseil.fr\/wp-content\/uploads\/2024\/12\/carte-lyon-redim-web.png 710w, https:\/\/canut-conseil.fr\/wp-content\/uploads\/2024\/12\/carte-lyon-redim-web-300x194.png 300w\" sizes=\"auto, (max-width: 710px) 100vw, 710px\" \/><\/a><\/figure>\n\n\n\n<p class=\"has-text-align-left has-text-color has-link-color has-medium-font-size wp-elements-aa04e6bb47722a819ed6150ccf7da687\" style=\"color:#fb4c0d\"><strong>Lyon 4\u00e8me arrondissement<\/strong><\/p>\n\n\n\n<p class=\"has-text-align-left has-black-color has-text-color has-link-color wp-elements-c4e48e2358fa47caf3da214e624f37bb\">RUE&nbsp;: Grande Rue de la Croix Rousse \u2013 Rue Aime Boussange \u2013 Rue Andr\u00e9 Bonin \u2013 Rue Anselme \u2013 Rue Artaud \u2013 Rue Barodet \u2013 Rue Bely \u2013 Rue Bleton \u2013 Rue Bony \u2013 Rue Bournes \u2013 Rue Calas \u2013 Rue Celu \u2013 Rue Chardonnet \u2013 Rue Chaziere \u2013 Rue Claude Joseph Bonnet \u2013 Rue Claudius Linossier \u2013 Rue Clos Savaron \u2013 Rue d\u2019Austerlitz \u2013 Rue d\u2019Isly \u2013 Rue d\u2019Ivry \u2013 Rue d\u2019Ypres \u2013 Rue Dangon \u2013 Rue de Belfort \u2013 Rue de Cuire \u2013 Rue de la Corniche \u2013 Rue de la Fontaine \u2013 Rue de la Terrasse \u2013 Rue de la Tour du Pin \u2013 Rue de Nuits \u2013 Rue Deleuvre \u2013 Rue Denfert Rochereau \u2013 Rue des 3 Enfants \u2013 Rue des Actionnaires \u2013 Rue des Entrepots \u2013 Rue du Bois de la Caille \u2013 Rue du Chariot d\u2019Or \u2013 Rue du Mail \u2013 Rue du Pavillon \u2013 Rue Dumenge \u2013 Rue Dumont \u2013 Rue Dumont d\u2019Urville \u2013 Rue Duviard \u2013 Rue \u00c9douard Millaud \u2013 Rue Eugene Pons \u2013 Rue Gigodot \u2013 Rue Grataloup \u2013 Rue Guitton \u2013 Rue Henon \u2013 Rue Henri Chevalier \u2013 Rue Henri Ferre \u2013 Rue Henri Gorjus \u2013 Rue Henri Lachieze Rey \u2013 Rue Herman Sabran \u2013 Rue Jacquard \u2013 Rue Janin \u2013 Rue Jean Jullien \u2013 Rue Jean Revel \u2013 Rue Jerome Dulaar \u2013 Rue Josephin Soulary \u2013 Rue Justin Godart \u2013 Rue Lebrun \u2013 Rue Louis Pize \u2013 Rue Louis Thevenet \u2013 Rue Marie Henriette \u2013 Rue Mascrany \u2013 Rue Niepce \u2013 Rue Pailleron \u2013 Rue Pelletier \u2013 Rue Pernon \u2013 Rue Perrod \u2013 Rue P\u00e9trus Sambardier \u2013 Rue Philippe de Lassalle \u2013 Rue Philippeville \u2013 Rue Pillement \u2013 Rue Professeur Maurice Vallas \u2013 Rue Ribot \u2013 Rue Richan \u2013 Rue Rosset \u2013 Rue Roussy \u2013 Rue Ruplinger \u2013 Rue Saint Die \u2013 Rue Saint Eucher \u2013 Rue Tabareau \u2013 Rue Valentin Couturier \u2013 Rue Victor Fort \u2013 Rue Villeneuve \u2013&nbsp;PLACE&nbsp;: Place Adrien Godien \u2013 Place Bellevue \u2013 Place Bertone \u2013 Place Camille Flammarion \u2013 Place de la Croix des Bois \u2013 Place de la Croix Rousse \u2013 Place de Serin \u2013 Place des Tapis \u2013 Place du Commandant Arnaud \u2013 Place \u00c9douard Charret \u2013 Place \u00c9douard Millaud \u2013 Place \u00c9mile Chanel \u2013 Place Georges Mattelon&nbsp; \u2013 Place Joannes Ambre \u2013 Place Picard \u2013 Place Saint Jacques \u2013 Place Tabareau \u2013&nbsp;IMPASSE&nbsp;: Impasse Ancel \u2013 Impasse Berger \u2013 Impasse Brunet \u2013 Impasse Chaziere \u2013 Impasse d\u2019Ypres \u2013 Impasse de la Loge \u2013 Impasse des Chalets \u2013 Impasse des Tapis \u2013 Impasse Devic \u2013 Impasse Dubois \u2013 Impasse Gigodot \u2013 Impasse Gord \u2013 Impasse Leopold Dupeyroux \u2013 Impasse Viard \u2013&nbsp;PASSAGE&nbsp;: Passage Claude Louis Perret \u2013 Passage Cuzin \u2013 Passage des Gloriettes \u2013 Passage Dumont \u2013&nbsp; Passage Guillermier \u2013 Passage Lamure \u2013 Passage Richan \u2013&nbsp;MONTEE&nbsp;: Mont\u00e9e Bonafous \u2013 Mont\u00e9e de la Boucle \u2013 Mont\u00e9e des Esses \u2013 Mont\u00e9e Georges Kubler \u2013 Mont\u00e9e Rater \u2013&nbsp;CHEMIN&nbsp;: Chemin de Serin A la Croix Rousse \u2013 Chemin du Vallon Chemin Vert \u2013&nbsp;AVENUE&nbsp;: Avenue Cabias \u2013 Avenue de Birmingham \u2013&nbsp;BOULEVARD&nbsp;: Boulevard de la Croix Rousse \u2013 Boulevard des Canuts \u2013&nbsp;SQUARE&nbsp;: Square Docteur Joseph Bouvier \u2013 Square Ninon Vallin \u2013&nbsp;COURS&nbsp;: Cours d\u2019Herbouville \u2013&nbsp;QUAI&nbsp;: Quai Joseph Gillet<\/p>\n","protected":false},"excerpt":{"rendered":"<p>COMMENT ESTIMER LE PRIX ? \u00c0 l\u2019instar du \u00ab Compte-Fils \u00bb le prix de vente d\u2019un bien immobilier n\u2019est pas seulement la multiplication d\u2019un prix au m\u00b2 par sa surface habitable.Il convient de rechercher la valeur exacte en fonction de nombreux crit\u00e8res tels le quartier, \u00e9tat g\u00e9n\u00e9ral de la copropri\u00e9t\u00e9, pr\u00e9sence d\u2019un ascenseur, configuration des&hellip; <br \/> <a class=\"read-more\" href=\"https:\/\/canut-conseil.fr\/index.php\/prix-immobilier-lyon-croix-rousse\/\">Lire la suite<\/a><\/p>\n","protected":false},"author":1,"featured_media":10365,"parent":0,"menu_order":0,"comment_status":"closed","ping_status":"closed","template":"","meta":{"footnotes":""},"class_list":["post-10689","page","type-page","status-publish","has-post-thumbnail","hentry"],"yoast_head":"<!-- This site is optimized with the Yoast SEO plugin v25.5 - https:\/\/yoast.com\/wordpress\/plugins\/seo\/ -->\n<title>Prix immobilier Lyon\/ Croix-Rousse - CANUT CONSEIL IMMOBILIER<\/title>\n<meta name=\"robots\" content=\"index, follow, max-snippet:-1, max-image-preview:large, max-video-preview:-1\" \/>\n<link rel=\"canonical\" href=\"https:\/\/canut-conseil.fr\/index.php\/prix-immobilier-lyon-croix-rousse\/\" \/>\n<meta property=\"og:locale\" content=\"fr_FR\" \/>\n<meta property=\"og:type\" content=\"article\" \/>\n<meta property=\"og:title\" content=\"Prix immobilier Lyon\/ Croix-Rousse - CANUT CONSEIL IMMOBILIER\" \/>\n<meta property=\"og:description\" content=\"COMMENT ESTIMER LE PRIX ? \u00c0 l\u2019instar du \u00ab Compte-Fils \u00bb le prix de vente d\u2019un bien immobilier n\u2019est pas seulement la multiplication d\u2019un prix au m\u00b2 par sa surface habitable.Il convient de rechercher la valeur exacte en fonction de nombreux crit\u00e8res tels le quartier, \u00e9tat g\u00e9n\u00e9ral de la copropri\u00e9t\u00e9, pr\u00e9sence d\u2019un ascenseur, configuration des&hellip; Lire la suite\" \/>\n<meta property=\"og:url\" content=\"https:\/\/canut-conseil.fr\/index.php\/prix-immobilier-lyon-croix-rousse\/\" \/>\n<meta property=\"og:site_name\" content=\"CANUT CONSEIL IMMOBILIER\" \/>\n<meta property=\"article:modified_time\" content=\"2024-12-13T09:51:48+00:00\" \/>\n<meta property=\"og:image\" content=\"https:\/\/canut-conseil.fr\/wp-content\/uploads\/2024\/10\/Illustration-Finale-Canuts-redim-site-web.jpg\" \/>\n\t<meta property=\"og:image:width\" content=\"744\" \/>\n\t<meta property=\"og:image:height\" content=\"1053\" \/>\n\t<meta property=\"og:image:type\" content=\"image\/jpeg\" \/>\n<meta name=\"twitter:card\" content=\"summary_large_image\" \/>\n<meta name=\"twitter:label1\" content=\"Dur\u00e9e de lecture estim\u00e9e\" \/>\n\t<meta name=\"twitter:data1\" content=\"4 minutes\" \/>\n<script type=\"application\/ld+json\" class=\"yoast-schema-graph\">{\"@context\":\"https:\/\/schema.org\",\"@graph\":[{\"@type\":\"WebPage\",\"@id\":\"https:\/\/canut-conseil.fr\/index.php\/prix-immobilier-lyon-croix-rousse\/\",\"url\":\"https:\/\/canut-conseil.fr\/index.php\/prix-immobilier-lyon-croix-rousse\/\",\"name\":\"Prix immobilier Lyon\/ Croix-Rousse - CANUT CONSEIL IMMOBILIER\",\"isPartOf\":{\"@id\":\"https:\/\/canut-conseil.fr\/#website\"},\"primaryImageOfPage\":{\"@id\":\"https:\/\/canut-conseil.fr\/index.php\/prix-immobilier-lyon-croix-rousse\/#primaryimage\"},\"image\":{\"@id\":\"https:\/\/canut-conseil.fr\/index.php\/prix-immobilier-lyon-croix-rousse\/#primaryimage\"},\"thumbnailUrl\":\"https:\/\/canut-conseil.fr\/wp-content\/uploads\/2024\/10\/Illustration-Finale-Canuts-redim-site-web.jpg\",\"datePublished\":\"2024-12-12T19:00:09+00:00\",\"dateModified\":\"2024-12-13T09:51:48+00:00\",\"breadcrumb\":{\"@id\":\"https:\/\/canut-conseil.fr\/index.php\/prix-immobilier-lyon-croix-rousse\/#breadcrumb\"},\"inLanguage\":\"fr-FR\",\"potentialAction\":[{\"@type\":\"ReadAction\",\"target\":[\"https:\/\/canut-conseil.fr\/index.php\/prix-immobilier-lyon-croix-rousse\/\"]}]},{\"@type\":\"ImageObject\",\"inLanguage\":\"fr-FR\",\"@id\":\"https:\/\/canut-conseil.fr\/index.php\/prix-immobilier-lyon-croix-rousse\/#primaryimage\",\"url\":\"https:\/\/canut-conseil.fr\/wp-content\/uploads\/2024\/10\/Illustration-Finale-Canuts-redim-site-web.jpg\",\"contentUrl\":\"https:\/\/canut-conseil.fr\/wp-content\/uploads\/2024\/10\/Illustration-Finale-Canuts-redim-site-web.jpg\",\"width\":744,\"height\":1053},{\"@type\":\"BreadcrumbList\",\"@id\":\"https:\/\/canut-conseil.fr\/index.php\/prix-immobilier-lyon-croix-rousse\/#breadcrumb\",\"itemListElement\":[{\"@type\":\"ListItem\",\"position\":1,\"name\":\"Accueil\",\"item\":\"https:\/\/canut-conseil.fr\/\"},{\"@type\":\"ListItem\",\"position\":2,\"name\":\"Prix immobilier Lyon\/ Croix-Rousse\"}]},{\"@type\":\"WebSite\",\"@id\":\"https:\/\/canut-conseil.fr\/#website\",\"url\":\"https:\/\/canut-conseil.fr\/\",\"name\":\"CANUT CONSEIL IMMOBILIER Lyon Croix-Rousse (69004)\",\"description\":\"Agent immobilier \u00e0 Lyon \/ Croix-Rousse\",\"publisher\":{\"@id\":\"https:\/\/canut-conseil.fr\/#organization\"},\"potentialAction\":[{\"@type\":\"SearchAction\",\"target\":{\"@type\":\"EntryPoint\",\"urlTemplate\":\"https:\/\/canut-conseil.fr\/?s={search_term_string}\"},\"query-input\":{\"@type\":\"PropertyValueSpecification\",\"valueRequired\":true,\"valueName\":\"search_term_string\"}}],\"inLanguage\":\"fr-FR\"},{\"@type\":\"Organization\",\"@id\":\"https:\/\/canut-conseil.fr\/#organization\",\"name\":\"CANUT CONSEIL IMMOBILIER Lyon Croix-Rousse (69004)\",\"url\":\"https:\/\/canut-conseil.fr\/\",\"logo\":{\"@type\":\"ImageObject\",\"inLanguage\":\"fr-FR\",\"@id\":\"https:\/\/canut-conseil.fr\/#\/schema\/logo\/image\/\",\"url\":\"https:\/\/canut-conseil.fr\/wp-content\/uploads\/2021\/12\/cropped-logo-nobackground-200-1.png\",\"contentUrl\":\"https:\/\/canut-conseil.fr\/wp-content\/uploads\/2021\/12\/cropped-logo-nobackground-200-1.png\",\"width\":200,\"height\":200,\"caption\":\"CANUT CONSEIL IMMOBILIER Lyon Croix-Rousse (69004)\"},\"image\":{\"@id\":\"https:\/\/canut-conseil.fr\/#\/schema\/logo\/image\/\"}}]}<\/script>\n<!-- \/ Yoast SEO plugin. -->","yoast_head_json":{"title":"Prix immobilier Lyon\/ Croix-Rousse - CANUT CONSEIL IMMOBILIER","robots":{"index":"index","follow":"follow","max-snippet":"max-snippet:-1","max-image-preview":"max-image-preview:large","max-video-preview":"max-video-preview:-1"},"canonical":"https:\/\/canut-conseil.fr\/index.php\/prix-immobilier-lyon-croix-rousse\/","og_locale":"fr_FR","og_type":"article","og_title":"Prix immobilier Lyon\/ Croix-Rousse - CANUT CONSEIL IMMOBILIER","og_description":"COMMENT ESTIMER LE PRIX ? \u00c0 l\u2019instar du \u00ab Compte-Fils \u00bb le prix de vente d\u2019un bien immobilier n\u2019est pas seulement la multiplication d\u2019un prix au m\u00b2 par sa surface habitable.Il convient de rechercher la valeur exacte en fonction de nombreux crit\u00e8res tels le quartier, \u00e9tat g\u00e9n\u00e9ral de la copropri\u00e9t\u00e9, pr\u00e9sence d\u2019un ascenseur, configuration des&hellip; Lire la suite","og_url":"https:\/\/canut-conseil.fr\/index.php\/prix-immobilier-lyon-croix-rousse\/","og_site_name":"CANUT CONSEIL IMMOBILIER","article_modified_time":"2024-12-13T09:51:48+00:00","og_image":[{"width":744,"height":1053,"url":"https:\/\/canut-conseil.fr\/wp-content\/uploads\/2024\/10\/Illustration-Finale-Canuts-redim-site-web.jpg","type":"image\/jpeg"}],"twitter_card":"summary_large_image","twitter_misc":{"Dur\u00e9e de lecture estim\u00e9e":"4 minutes"},"schema":{"@context":"https:\/\/schema.org","@graph":[{"@type":"WebPage","@id":"https:\/\/canut-conseil.fr\/index.php\/prix-immobilier-lyon-croix-rousse\/","url":"https:\/\/canut-conseil.fr\/index.php\/prix-immobilier-lyon-croix-rousse\/","name":"Prix immobilier Lyon\/ Croix-Rousse - CANUT CONSEIL IMMOBILIER","isPartOf":{"@id":"https:\/\/canut-conseil.fr\/#website"},"primaryImageOfPage":{"@id":"https:\/\/canut-conseil.fr\/index.php\/prix-immobilier-lyon-croix-rousse\/#primaryimage"},"image":{"@id":"https:\/\/canut-conseil.fr\/index.php\/prix-immobilier-lyon-croix-rousse\/#primaryimage"},"thumbnailUrl":"https:\/\/canut-conseil.fr\/wp-content\/uploads\/2024\/10\/Illustration-Finale-Canuts-redim-site-web.jpg","datePublished":"2024-12-12T19:00:09+00:00","dateModified":"2024-12-13T09:51:48+00:00","breadcrumb":{"@id":"https:\/\/canut-conseil.fr\/index.php\/prix-immobilier-lyon-croix-rousse\/#breadcrumb"},"inLanguage":"fr-FR","potentialAction":[{"@type":"ReadAction","target":["https:\/\/canut-conseil.fr\/index.php\/prix-immobilier-lyon-croix-rousse\/"]}]},{"@type":"ImageObject","inLanguage":"fr-FR","@id":"https:\/\/canut-conseil.fr\/index.php\/prix-immobilier-lyon-croix-rousse\/#primaryimage","url":"https:\/\/canut-conseil.fr\/wp-content\/uploads\/2024\/10\/Illustration-Finale-Canuts-redim-site-web.jpg","contentUrl":"https:\/\/canut-conseil.fr\/wp-content\/uploads\/2024\/10\/Illustration-Finale-Canuts-redim-site-web.jpg","width":744,"height":1053},{"@type":"BreadcrumbList","@id":"https:\/\/canut-conseil.fr\/index.php\/prix-immobilier-lyon-croix-rousse\/#breadcrumb","itemListElement":[{"@type":"ListItem","position":1,"name":"Accueil","item":"https:\/\/canut-conseil.fr\/"},{"@type":"ListItem","position":2,"name":"Prix immobilier Lyon\/ Croix-Rousse"}]},{"@type":"WebSite","@id":"https:\/\/canut-conseil.fr\/#website","url":"https:\/\/canut-conseil.fr\/","name":"CANUT CONSEIL IMMOBILIER Lyon Croix-Rousse (69004)","description":"Agent immobilier \u00e0 Lyon \/ Croix-Rousse","publisher":{"@id":"https:\/\/canut-conseil.fr\/#organization"},"potentialAction":[{"@type":"SearchAction","target":{"@type":"EntryPoint","urlTemplate":"https:\/\/canut-conseil.fr\/?s={search_term_string}"},"query-input":{"@type":"PropertyValueSpecification","valueRequired":true,"valueName":"search_term_string"}}],"inLanguage":"fr-FR"},{"@type":"Organization","@id":"https:\/\/canut-conseil.fr\/#organization","name":"CANUT CONSEIL IMMOBILIER Lyon Croix-Rousse (69004)","url":"https:\/\/canut-conseil.fr\/","logo":{"@type":"ImageObject","inLanguage":"fr-FR","@id":"https:\/\/canut-conseil.fr\/#\/schema\/logo\/image\/","url":"https:\/\/canut-conseil.fr\/wp-content\/uploads\/2021\/12\/cropped-logo-nobackground-200-1.png","contentUrl":"https:\/\/canut-conseil.fr\/wp-content\/uploads\/2021\/12\/cropped-logo-nobackground-200-1.png","width":200,"height":200,"caption":"CANUT CONSEIL IMMOBILIER Lyon Croix-Rousse (69004)"},"image":{"@id":"https:\/\/canut-conseil.fr\/#\/schema\/logo\/image\/"}}]}},"_links":{"self":[{"href":"https:\/\/canut-conseil.fr\/index.php\/wp-json\/wp\/v2\/pages\/10689","targetHints":{"allow":["GET"]}}],"collection":[{"href":"https:\/\/canut-conseil.fr\/index.php\/wp-json\/wp\/v2\/pages"}],"about":[{"href":"https:\/\/canut-conseil.fr\/index.php\/wp-json\/wp\/v2\/types\/page"}],"author":[{"embeddable":true,"href":"https:\/\/canut-conseil.fr\/index.php\/wp-json\/wp\/v2\/users\/1"}],"replies":[{"embeddable":true,"href":"https:\/\/canut-conseil.fr\/index.php\/wp-json\/wp\/v2\/comments?post=10689"}],"version-history":[{"count":8,"href":"https:\/\/canut-conseil.fr\/index.php\/wp-json\/wp\/v2\/pages\/10689\/revisions"}],"predecessor-version":[{"id":10724,"href":"https:\/\/canut-conseil.fr\/index.php\/wp-json\/wp\/v2\/pages\/10689\/revisions\/10724"}],"wp:featuredmedia":[{"embeddable":true,"href":"https:\/\/canut-conseil.fr\/index.php\/wp-json\/wp\/v2\/media\/10365"}],"wp:attachment":[{"href":"https:\/\/canut-conseil.fr\/index.php\/wp-json\/wp\/v2\/media?parent=10689"}],"curies":[{"name":"wp","href":"https:\/\/api.w.org\/{rel}","templated":true}]}}