{"id":4980,"date":"2022-12-30T12:42:20","date_gmt":"2022-12-30T11:42:20","guid":{"rendered":"https:\/\/canut-conseil.fr\/?page_id=4980"},"modified":"2024-10-02T18:16:20","modified_gmt":"2024-10-02T16:16:20","slug":"lexique-immobilier","status":"publish","type":"page","link":"https:\/\/canut-conseil.fr\/index.php\/lexique-immobilier\/","title":{"rendered":"Lexique immobilier"},"content":{"rendered":"\n<p class=\"has-text-align-left has-black-color has-text-color\">Afin de faciliter la compr\u00e9hension de nos clients, ce lexique reprend un ensemble de termes techniques avec leurs significations ou courtes d\u00e9finitions.<\/p>\n\n\n\n<p class=\"has-text-align-left has-black-color has-text-color\"><strong>ACTE AUTHENTIQUE<\/strong><\/p>\n\n\n\n<p class=\"has-text-align-left has-black-color has-text-color\">Contrat qui doit obligatoirement \u00eatre r\u00e9dig\u00e9 par un notaire pour pouvoir \u00eatre publi\u00e9 au bureau des hypoth\u00e8ques et rendre l&#8217;acte opposable \u00e0 tous les tiers, c&#8217;est \u00e0 dire \u00e0 tout le monde, y compris les personnes qui ne sont pas mentionn\u00e9es dans le contrat. La vente immobili\u00e8re ou l&#8217;\u00e9change doivent faire l&#8217;objet d&#8217;un acte authentique.<\/p>\n\n\n\n<p class=\"has-text-align-left has-black-color has-text-color\"><strong>ACTE SOUS SEING PRIV\u00c9<\/strong><\/p>\n\n\n\n<p class=\"has-text-align-left has-black-color has-text-color\">Acte pass\u00e9 sous simple signature des parties. En mati\u00e8re de vente, il peut s&#8217;agir d&#8217;un acte pr\u00e9paratoire \u00e0 la conclusion d&#8217;une affaire, encore appel\u00e9 acte pr\u00e9alable ou avant-contrat parce qu&#8217;il est ensuite remplac\u00e9 par un contrat d\u00e9finitif. L&#8217;acte sous seing priv\u00e9 est courant en mati\u00e8re de location.<\/p>\n\n\n\n<p class=\"has-text-align-left has-black-color has-text-color\"><strong>BON DE VISITE<\/strong><\/p>\n\n\n\n<p class=\"has-text-align-left has-black-color has-text-color\">Document par lequel un client d&#8217;une agence immobili\u00e8re reconna\u00eet avoir visit\u00e9 un bien immobilier par l&#8217;interm\u00e9diaire de l&#8217;agence.<\/p>\n\n\n\n<p class=\"has-text-align-left has-black-color has-text-color\"><strong>CONDITIONS SUSPENSIVES<\/strong><\/p>\n\n\n\n<p class=\"has-text-align-left has-black-color has-text-color\">Contenues dans un avant-contrat (promesse de vente unilat\u00e9rale ou compromis), celles-ci suspendent l&#8217;ex\u00e9cution du contrat \u00e0 la survenance d&#8217;un \u00e9v\u00e9nement. Le contrat ne produira tous ses effets que lorsque l&#8217;\u00e9v\u00e9nement pr\u00e9vu se r\u00e9alisera. Par exemple, condition suspensive d&#8217;obtention d&#8217;un pr\u00eat, d&#8217;un permis de construire&#8230; Pour \u00eatre valable, une condition suspensive ne doit pas d\u00e9pendre du hasard ou de la seule volont\u00e9 d&#8217;une partie.<\/p>\n\n\n\n<p class=\"has-text-align-left has-black-color has-text-color\"><strong>DROIT DE R\u00c9TRACTATION<\/strong><\/p>\n\n\n\n<p class=\"has-text-align-left has-black-color has-text-color\">La&nbsp;loi relative \u00e0 la solidarit\u00e9 et au renouvellement urbains (dite aussi \u00ab&nbsp;loi SRU&nbsp;\u00bb) a instaur\u00e9 un dispositif protecteur de l\u2019acqu\u00e9reur. Tout acqu\u00e9reur particulier qui ach\u00e8te un bien immobilier b\u00e9n\u00e9ficie d&#8217;un d\u00e9lai de r\u00e9tractation de 10 jours pour annuler le contrat sans avoir \u00e0 motiver sa d\u00e9cision au vendeur, ni \u00e0 payer de p\u00e9nalit\u00e9s.<\/p>\n\n\n\n<p class=\"has-text-align-left has-black-color has-text-color\"><strong>FRAIS D&#8217;ACQUISITION (dits \u00ab&nbsp;frais de notaire&nbsp;\u00bb)<\/strong><\/p>\n\n\n\n<p class=\"has-text-align-left has-black-color has-text-color\">Ensemble des frais et droits cons\u00e9cutifs \u00e0 l&#8217;\u00e9tablissement d&#8217;une vente immobili\u00e8re. Ils sont en principe \u00e0 la charge de l&#8217;acqu\u00e9reur du bien. Les frais d&#8217;acquisition sont constitu\u00e9s pour l&#8217;essentiel de diff\u00e9rents droits, taxes, imp\u00f4ts et frais d&#8217;obtention de pi\u00e8ces administratives, et pour une part moins importante, par les honoraires du notaire.<\/p>\n\n\n\n<p class=\"has-text-align-left has-black-color has-text-color\">En France, les frais d&#8217;acquisition d&#8217;immeubles anciens sont d&#8217;environ 8%.<\/p>\n\n\n\n<p class=\"has-text-align-left has-black-color has-text-color\"><strong>LOI CARREZ<\/strong><\/p>\n\n\n\n<p class=\"has-text-align-left has-black-color has-text-color\">La superficie privative pr\u00e9vue par la loi Carrez est la superficie des planchers des locaux clos, couverts et d&#8217;une hauteur d&#8217;au moins 1,80 m\u00e8tre, apr\u00e8s d\u00e9duction des surfaces occup\u00e9es par les murs, cloisons, marches et cages d&#8217;escalier, gaines, embrasures de portes et de fen\u00eatres.<\/p>\n\n\n\n<p class=\"has-text-align-left has-black-color has-text-color\"><strong>MANDAT<\/strong><\/p>\n\n\n\n<p class=\"has-text-align-left has-black-color has-text-color\">Acte par lequel une personne (mandant), donne \u00e0 une autre (mandataire), le pouvoir d&#8217;accomplir en son nom et pour son compte un ou plusieurs actes juridiques, comme une vente, un achat, une location&#8230; Il est fait obligation pour les agents immobiliers et administrateurs de biens de d\u00e9tenir un mandat pour proposer un bien \u00e0 la vente ou \u00e0 la location ou encore pour le g\u00e9rer.<\/p>\n\n\n\n<p class=\"has-text-align-left has-black-color has-text-color\"><strong>OFFRE D\u2019ACHAT<\/strong><\/p>\n\n\n\n<p class=\"has-text-align-left has-black-color has-text-color\">L&#8217;offre d&#8217;achat doit contenir le&nbsp;prix propos\u00e9 par le futur acqu\u00e9reur&nbsp;et le&nbsp;d\u00e9lai de validit\u00e9 de l&#8217;offre&nbsp;ainsi que la ou les conditions suspensives. Si le vendeur accepte le contenu de l&#8217;offre, le futur acqu\u00e9reur se trouve engag\u00e9 et l&#8217;\u00e9tape suivante est la signature du compromis de vente. Le vendeur peut \u00e9galement d\u00e9cider de formuler une contre-proposition ou bien de refuser purement et simplement l&#8217;offre d&#8217;achat qui lui a \u00e9t\u00e9 pr\u00e9sent\u00e9e.<\/p>\n\n\n\n<p class=\"has-text-align-left has-black-color has-text-color\"><strong>PROMESSE DE VENTE<\/strong><\/p>\n\n\n\n<p class=\"has-text-align-left has-black-color has-text-color\">Avant-contrat sign\u00e9 par le vendeur et l&#8217;acqu\u00e9reur d&#8217;un bien immobilier. Il est conseill\u00e9 de le faire r\u00e9diger par un professionnel. Il existe deux sortes de promesses de vente :<\/p>\n\n\n\n<p class=\"has-text-align-left has-black-color has-text-color\">1 \/ La promesse unilat\u00e9rale de vente qui n&#8217;engage pas l&#8217;acheteur, mais uniquement le vendeur, pendant un d\u00e9lai limit\u00e9 qui doit \u00eatre clairement pr\u00e9cis\u00e9 dans le contrat,<\/p>\n\n\n\n<p class=\"has-text-align-left has-black-color has-text-color\">2 \/&nbsp; La promesse bilat\u00e9rale de vente (aussi appel\u00e9e \u00ab synallagmatique \u00bb), ou compromis de vente, qui engage l&#8217;acqu\u00e9reur au m\u00eame titre que le vendeur. Il est d&#8217;usage que l&#8217;acqu\u00e9reur verse un acompte (en g\u00e9n\u00e9ral de 5 \u00e0&nbsp; 10% du prix de vente) pour garantir l&#8217;ex\u00e9cution de l&#8217;acte.<\/p>\n\n\n\n<p class=\"has-text-align-left has-black-color has-text-color\"><strong>R\u00c8GLEMENT DE COPROPRI\u00c9T\u00c9<\/strong><\/p>\n\n\n\n<p class=\"has-text-align-left has-black-color has-text-color\">C&#8217;est un document \u00e9crit qui r\u00e9git les droits et obligations des copropri\u00e9taires. Il est \u00e9tabli par un professionnel selon les indications d&#8217;un g\u00e9om\u00e8tre-expert et pr\u00e9cise la r\u00e9partition entre parties communes et parties privatives et d\u00e9finit leurs conditions de jouissance.<\/p>\n","protected":false},"excerpt":{"rendered":"<p>Afin de faciliter la compr\u00e9hension de nos clients, ce lexique reprend un ensemble de termes techniques avec leurs significations ou courtes d\u00e9finitions. ACTE AUTHENTIQUE Contrat qui doit obligatoirement \u00eatre r\u00e9dig\u00e9 par un notaire pour pouvoir \u00eatre publi\u00e9 au bureau des hypoth\u00e8ques et rendre l&#8217;acte opposable \u00e0 tous les tiers, c&#8217;est \u00e0 dire \u00e0 tout le&hellip; <br \/> <a class=\"read-more\" href=\"https:\/\/canut-conseil.fr\/index.php\/lexique-immobilier\/\">Lire la suite<\/a><\/p>\n","protected":false},"author":1,"featured_media":10365,"parent":0,"menu_order":0,"comment_status":"closed","ping_status":"closed","template":"","meta":{"footnotes":""},"class_list":["post-4980","page","type-page","status-publish","has-post-thumbnail","hentry"],"yoast_head":"<!-- This site is optimized with the Yoast SEO plugin v25.5 - https:\/\/yoast.com\/wordpress\/plugins\/seo\/ -->\n<title>Lexique immobilier - CANUT CONSEIL IMMOBILIER<\/title>\n<meta name=\"robots\" content=\"index, follow, max-snippet:-1, max-image-preview:large, max-video-preview:-1\" \/>\n<link rel=\"canonical\" href=\"https:\/\/canut-conseil.fr\/index.php\/lexique-immobilier\/\" \/>\n<meta property=\"og:locale\" content=\"fr_FR\" \/>\n<meta property=\"og:type\" content=\"article\" \/>\n<meta property=\"og:title\" content=\"Lexique immobilier - CANUT CONSEIL IMMOBILIER\" \/>\n<meta property=\"og:description\" content=\"Afin de faciliter la compr\u00e9hension de nos clients, ce lexique reprend un ensemble de termes techniques avec leurs significations ou courtes d\u00e9finitions. ACTE AUTHENTIQUE Contrat qui doit obligatoirement \u00eatre r\u00e9dig\u00e9 par un notaire pour pouvoir \u00eatre publi\u00e9 au bureau des hypoth\u00e8ques et rendre l&#8217;acte opposable \u00e0 tous les tiers, c&#8217;est \u00e0 dire \u00e0 tout le&hellip; Lire la suite\" \/>\n<meta property=\"og:url\" content=\"https:\/\/canut-conseil.fr\/index.php\/lexique-immobilier\/\" \/>\n<meta property=\"og:site_name\" content=\"CANUT CONSEIL IMMOBILIER\" \/>\n<meta property=\"article:modified_time\" content=\"2024-10-02T16:16:20+00:00\" \/>\n<meta property=\"og:image\" content=\"https:\/\/canut-conseil.fr\/wp-content\/uploads\/2024\/10\/Illustration-Finale-Canuts-redim-site-web.jpg\" \/>\n\t<meta property=\"og:image:width\" content=\"744\" \/>\n\t<meta property=\"og:image:height\" content=\"1053\" \/>\n\t<meta property=\"og:image:type\" content=\"image\/jpeg\" \/>\n<meta name=\"twitter:card\" content=\"summary_large_image\" \/>\n<meta name=\"twitter:label1\" content=\"Dur\u00e9e de lecture estim\u00e9e\" \/>\n\t<meta name=\"twitter:data1\" content=\"4 minutes\" \/>\n<script type=\"application\/ld+json\" class=\"yoast-schema-graph\">{\"@context\":\"https:\/\/schema.org\",\"@graph\":[{\"@type\":\"WebPage\",\"@id\":\"https:\/\/canut-conseil.fr\/index.php\/lexique-immobilier\/\",\"url\":\"https:\/\/canut-conseil.fr\/index.php\/lexique-immobilier\/\",\"name\":\"Lexique immobilier - CANUT CONSEIL IMMOBILIER\",\"isPartOf\":{\"@id\":\"https:\/\/canut-conseil.fr\/#website\"},\"primaryImageOfPage\":{\"@id\":\"https:\/\/canut-conseil.fr\/index.php\/lexique-immobilier\/#primaryimage\"},\"image\":{\"@id\":\"https:\/\/canut-conseil.fr\/index.php\/lexique-immobilier\/#primaryimage\"},\"thumbnailUrl\":\"https:\/\/canut-conseil.fr\/wp-content\/uploads\/2024\/10\/Illustration-Finale-Canuts-redim-site-web.jpg\",\"datePublished\":\"2022-12-30T11:42:20+00:00\",\"dateModified\":\"2024-10-02T16:16:20+00:00\",\"breadcrumb\":{\"@id\":\"https:\/\/canut-conseil.fr\/index.php\/lexique-immobilier\/#breadcrumb\"},\"inLanguage\":\"fr-FR\",\"potentialAction\":[{\"@type\":\"ReadAction\",\"target\":[\"https:\/\/canut-conseil.fr\/index.php\/lexique-immobilier\/\"]}]},{\"@type\":\"ImageObject\",\"inLanguage\":\"fr-FR\",\"@id\":\"https:\/\/canut-conseil.fr\/index.php\/lexique-immobilier\/#primaryimage\",\"url\":\"https:\/\/canut-conseil.fr\/wp-content\/uploads\/2024\/10\/Illustration-Finale-Canuts-redim-site-web.jpg\",\"contentUrl\":\"https:\/\/canut-conseil.fr\/wp-content\/uploads\/2024\/10\/Illustration-Finale-Canuts-redim-site-web.jpg\",\"width\":744,\"height\":1053},{\"@type\":\"BreadcrumbList\",\"@id\":\"https:\/\/canut-conseil.fr\/index.php\/lexique-immobilier\/#breadcrumb\",\"itemListElement\":[{\"@type\":\"ListItem\",\"position\":1,\"name\":\"Accueil\",\"item\":\"https:\/\/canut-conseil.fr\/\"},{\"@type\":\"ListItem\",\"position\":2,\"name\":\"Lexique immobilier\"}]},{\"@type\":\"WebSite\",\"@id\":\"https:\/\/canut-conseil.fr\/#website\",\"url\":\"https:\/\/canut-conseil.fr\/\",\"name\":\"CANUT CONSEIL IMMOBILIER Lyon Croix-Rousse (69004)\",\"description\":\"Agent immobilier \u00e0 Lyon \/ Croix-Rousse\",\"publisher\":{\"@id\":\"https:\/\/canut-conseil.fr\/#organization\"},\"potentialAction\":[{\"@type\":\"SearchAction\",\"target\":{\"@type\":\"EntryPoint\",\"urlTemplate\":\"https:\/\/canut-conseil.fr\/?s={search_term_string}\"},\"query-input\":{\"@type\":\"PropertyValueSpecification\",\"valueRequired\":true,\"valueName\":\"search_term_string\"}}],\"inLanguage\":\"fr-FR\"},{\"@type\":\"Organization\",\"@id\":\"https:\/\/canut-conseil.fr\/#organization\",\"name\":\"CANUT CONSEIL IMMOBILIER Lyon Croix-Rousse (69004)\",\"url\":\"https:\/\/canut-conseil.fr\/\",\"logo\":{\"@type\":\"ImageObject\",\"inLanguage\":\"fr-FR\",\"@id\":\"https:\/\/canut-conseil.fr\/#\/schema\/logo\/image\/\",\"url\":\"https:\/\/canut-conseil.fr\/wp-content\/uploads\/2021\/12\/cropped-logo-nobackground-200-1.png\",\"contentUrl\":\"https:\/\/canut-conseil.fr\/wp-content\/uploads\/2021\/12\/cropped-logo-nobackground-200-1.png\",\"width\":200,\"height\":200,\"caption\":\"CANUT CONSEIL IMMOBILIER Lyon Croix-Rousse (69004)\"},\"image\":{\"@id\":\"https:\/\/canut-conseil.fr\/#\/schema\/logo\/image\/\"}}]}<\/script>\n<!-- \/ Yoast SEO plugin. -->","yoast_head_json":{"title":"Lexique immobilier - CANUT CONSEIL IMMOBILIER","robots":{"index":"index","follow":"follow","max-snippet":"max-snippet:-1","max-image-preview":"max-image-preview:large","max-video-preview":"max-video-preview:-1"},"canonical":"https:\/\/canut-conseil.fr\/index.php\/lexique-immobilier\/","og_locale":"fr_FR","og_type":"article","og_title":"Lexique immobilier - CANUT CONSEIL IMMOBILIER","og_description":"Afin de faciliter la compr\u00e9hension de nos clients, ce lexique reprend un ensemble de termes techniques avec leurs significations ou courtes d\u00e9finitions. ACTE AUTHENTIQUE Contrat qui doit obligatoirement \u00eatre r\u00e9dig\u00e9 par un notaire pour pouvoir \u00eatre publi\u00e9 au bureau des hypoth\u00e8ques et rendre l&#8217;acte opposable \u00e0 tous les tiers, c&#8217;est \u00e0 dire \u00e0 tout le&hellip; Lire la suite","og_url":"https:\/\/canut-conseil.fr\/index.php\/lexique-immobilier\/","og_site_name":"CANUT CONSEIL IMMOBILIER","article_modified_time":"2024-10-02T16:16:20+00:00","og_image":[{"width":744,"height":1053,"url":"https:\/\/canut-conseil.fr\/wp-content\/uploads\/2024\/10\/Illustration-Finale-Canuts-redim-site-web.jpg","type":"image\/jpeg"}],"twitter_card":"summary_large_image","twitter_misc":{"Dur\u00e9e de lecture estim\u00e9e":"4 minutes"},"schema":{"@context":"https:\/\/schema.org","@graph":[{"@type":"WebPage","@id":"https:\/\/canut-conseil.fr\/index.php\/lexique-immobilier\/","url":"https:\/\/canut-conseil.fr\/index.php\/lexique-immobilier\/","name":"Lexique immobilier - CANUT CONSEIL IMMOBILIER","isPartOf":{"@id":"https:\/\/canut-conseil.fr\/#website"},"primaryImageOfPage":{"@id":"https:\/\/canut-conseil.fr\/index.php\/lexique-immobilier\/#primaryimage"},"image":{"@id":"https:\/\/canut-conseil.fr\/index.php\/lexique-immobilier\/#primaryimage"},"thumbnailUrl":"https:\/\/canut-conseil.fr\/wp-content\/uploads\/2024\/10\/Illustration-Finale-Canuts-redim-site-web.jpg","datePublished":"2022-12-30T11:42:20+00:00","dateModified":"2024-10-02T16:16:20+00:00","breadcrumb":{"@id":"https:\/\/canut-conseil.fr\/index.php\/lexique-immobilier\/#breadcrumb"},"inLanguage":"fr-FR","potentialAction":[{"@type":"ReadAction","target":["https:\/\/canut-conseil.fr\/index.php\/lexique-immobilier\/"]}]},{"@type":"ImageObject","inLanguage":"fr-FR","@id":"https:\/\/canut-conseil.fr\/index.php\/lexique-immobilier\/#primaryimage","url":"https:\/\/canut-conseil.fr\/wp-content\/uploads\/2024\/10\/Illustration-Finale-Canuts-redim-site-web.jpg","contentUrl":"https:\/\/canut-conseil.fr\/wp-content\/uploads\/2024\/10\/Illustration-Finale-Canuts-redim-site-web.jpg","width":744,"height":1053},{"@type":"BreadcrumbList","@id":"https:\/\/canut-conseil.fr\/index.php\/lexique-immobilier\/#breadcrumb","itemListElement":[{"@type":"ListItem","position":1,"name":"Accueil","item":"https:\/\/canut-conseil.fr\/"},{"@type":"ListItem","position":2,"name":"Lexique immobilier"}]},{"@type":"WebSite","@id":"https:\/\/canut-conseil.fr\/#website","url":"https:\/\/canut-conseil.fr\/","name":"CANUT CONSEIL IMMOBILIER Lyon Croix-Rousse (69004)","description":"Agent immobilier \u00e0 Lyon \/ Croix-Rousse","publisher":{"@id":"https:\/\/canut-conseil.fr\/#organization"},"potentialAction":[{"@type":"SearchAction","target":{"@type":"EntryPoint","urlTemplate":"https:\/\/canut-conseil.fr\/?s={search_term_string}"},"query-input":{"@type":"PropertyValueSpecification","valueRequired":true,"valueName":"search_term_string"}}],"inLanguage":"fr-FR"},{"@type":"Organization","@id":"https:\/\/canut-conseil.fr\/#organization","name":"CANUT CONSEIL IMMOBILIER Lyon Croix-Rousse (69004)","url":"https:\/\/canut-conseil.fr\/","logo":{"@type":"ImageObject","inLanguage":"fr-FR","@id":"https:\/\/canut-conseil.fr\/#\/schema\/logo\/image\/","url":"https:\/\/canut-conseil.fr\/wp-content\/uploads\/2021\/12\/cropped-logo-nobackground-200-1.png","contentUrl":"https:\/\/canut-conseil.fr\/wp-content\/uploads\/2021\/12\/cropped-logo-nobackground-200-1.png","width":200,"height":200,"caption":"CANUT CONSEIL IMMOBILIER Lyon Croix-Rousse (69004)"},"image":{"@id":"https:\/\/canut-conseil.fr\/#\/schema\/logo\/image\/"}}]}},"_links":{"self":[{"href":"https:\/\/canut-conseil.fr\/index.php\/wp-json\/wp\/v2\/pages\/4980","targetHints":{"allow":["GET"]}}],"collection":[{"href":"https:\/\/canut-conseil.fr\/index.php\/wp-json\/wp\/v2\/pages"}],"about":[{"href":"https:\/\/canut-conseil.fr\/index.php\/wp-json\/wp\/v2\/types\/page"}],"author":[{"embeddable":true,"href":"https:\/\/canut-conseil.fr\/index.php\/wp-json\/wp\/v2\/users\/1"}],"replies":[{"embeddable":true,"href":"https:\/\/canut-conseil.fr\/index.php\/wp-json\/wp\/v2\/comments?post=4980"}],"version-history":[{"count":6,"href":"https:\/\/canut-conseil.fr\/index.php\/wp-json\/wp\/v2\/pages\/4980\/revisions"}],"predecessor-version":[{"id":7664,"href":"https:\/\/canut-conseil.fr\/index.php\/wp-json\/wp\/v2\/pages\/4980\/revisions\/7664"}],"wp:featuredmedia":[{"embeddable":true,"href":"https:\/\/canut-conseil.fr\/index.php\/wp-json\/wp\/v2\/media\/10365"}],"wp:attachment":[{"href":"https:\/\/canut-conseil.fr\/index.php\/wp-json\/wp\/v2\/media?parent=4980"}],"curies":[{"name":"wp","href":"https:\/\/api.w.org\/{rel}","templated":true}]}}